 53545 and 75?
5
Calculate the greatest common factor of 180 and 19540.
20
What is the greatest common divisor of 312 and 15717?
39
What is the highest common divisor of 828 and 121509?
207
What is the greatest common factor of 811 and 67?
1
Calculate the highest common divisor of 63 and 41937.
21
What is the highest common divisor of 36 and 10696788?
36
Calculate the highest common divisor of 192 and 351808.
64
What is the greatest common divisor of 96 and 973488?
48
Calculate the highest common divisor of 160 and 5272.
8
Calculate the greatest common divisor of 32700 and 25.
25
Calculate the highest common divisor of 457453 and 2274.
379
Calculate the highest common factor of 38 and 199538.
38
Calculate the highest common factor of 4021875 and 2574.
1287
Calculate the greatest common divisor of 617785 and 190.
95
Calculate the greatest common factor of 461353 and 407.
37
Calculate the highest common factor of 172927 and 268.
67
What is the greatest common factor of 72228 and 156?
156
Calculate the highest common factor of 1184 and 11026.
74
Calculate the greatest common factor of 1768 and 1828996.
884
Calculate the highest common divisor of 247 and 19279.
13
What is the greatest common divisor of 8584 and 406?
58
What is the greatest common factor of 20845 and 770?
55
What is the highest common divisor of 22950 and 4335?
255
Calculate the highest common factor of 1260 and 1159074.
126
What is the highest common divisor of 706 and 478?
2
What is the greatest common divisor of 533 and 70151?
41
What is the greatest common factor of 80125 and 2000?
125
What is the greatest common factor of 23796 and 333?
9
What is the highest common divisor of 20175 and 1905?
15
Calculate the greatest common divisor of 366 and 610122.
366
What is the highest common factor of 2600 and 147550?
650
What is the greatest common factor of 6634 and 1178?
62
What is the greatest common factor of 376 and 4600?
8
What is the greatest common divisor of 2425 and 154521?
97
What is the greatest common factor of 2130 and 2314458?
426
What is the greatest common divisor of 44 and 281842?
22
Calculate the greatest common factor of 488989 and 36522.
2029
What is the highest common divisor of 5965 and 175?
5
Calculate the highest common divisor of 13664 and 5551.
427
Calculate the greatest common factor of 7258 and 15471.
191
What is the greatest common divisor of 1747469 and 10802?
491
What is the highest common factor of 18774 and 45?
9
Calculate the highest common factor of 44 and 1075019.
11
What is the greatest common factor of 22557 and 5253?
309
Calculate the highest common factor of 103 and 999924.
103
Calculate the highest common divisor of 162 and 22122.
18
What is the greatest common divisor of 19206 and 970?
194
What is the highest common factor of 989934 and 8745?
1749
Calculate the greatest common divisor of 46971 and 15912.
153
Calculate the greatest common divisor of 2 and 108202.
2
Calculate the greatest common factor of 27297 and 243.
81
Calculate the greatest common divisor of 1736 and 15344.
56
What is the greatest common divisor of 60 and 36950?
10
Calculate the highest common factor of 3886 and 10440.
58
What is the highest common divisor of 558 and 2610?
18
What is the highest common factor of 25400 and 700?
100
Calculate the greatest common factor of 125 and 20275.
25
Calculate the highest common factor of 140232 and 3096.
24
Calculate the greatest common factor of 125 and 655.
5
What is the highest common divisor of 38075 and 25?
25
Calculate the greatest common factor of 3575 and 16280.
55
What is the highest common divisor of 8874859 and 7?
7
What is the greatest common factor of 87 and 28681?
29
Calculate the highest common divisor of 2436 and 8652.
84
Calculate the greatest common divisor of 30 and 24894.
6
Calculate the greatest common factor of 46412 and 3444.
164
Calculate the greatest common divisor of 77 and 536437.
11
Calculate the highest common factor of 149220 and 36.
36
What is the greatest common factor of 6 and 618579?
3
Calculate the greatest common factor of 2037 and 4599.
21
Calculate the highest common divisor of 876 and 114.
6
Calculate the highest common factor of 10024 and 760571.
1253
What is the greatest common factor of 2319 and 366?
3
Calculate the greatest common divisor of 2793536 and 8.
8
What is the highest common factor of 84 and 19299?
21
What is the greatest common divisor of 21630 and 30660?
210
What is the greatest common divisor of 13362 and 3570?
102
What is the highest common factor of 1266 and 249613?
211
Calculate the highest common factor of 5424 and 720.
48
What is the greatest common divisor of 631371 and 156?
39
Calculate the highest common divisor of 2350 and 16.
2
What is the highest common factor of 62 and 10354?
62
Calculate the highest common divisor of 17 and 14782231.
17
What is the highest common divisor of 26 and 853814?
26
What is the greatest common divisor of 162940 and 65?
5
What is the greatest common factor of 24196 and 3082?
46
Calculate the highest common factor of 91458 and 36.
18
Calculate the highest common factor of 2197 and 156.
13
Calculate the greatest common divisor of 3150 and 1110.
30
What is the highest common factor of 89256 and 48?
24
Calculate the highest common divisor of 2140380 and 297.
99
What is the highest common factor of 957 and 17754?
33
Calculate the greatest common factor of 452 and 1776134.
226
Calculate the highest common divisor of 26 and 6746.
2
Calculate the greatest common divisor of 5643 and 14256.
297
Calculate the greatest common factor of 1480 and 639545.
185
Calculate the greatest common divisor of 7982 and 3354.
26
Calculate the greatest common divisor of 1864532 and 3140.
628
Calculate the greatest common factor of 159 and 27.
3
Calculate the greatest common factor of 543 and 260097.
543
What is the greatest common divisor of 2889 and 249?
3
What is the highest common divisor of 2 and 20960?
2
What is the highest common divisor of 5251 and 1888?
59
What is the greatest common factor of 59 and 956685?
59
What is the highest common divisor of 1819 and 856?
107
What is the greatest common factor of 96 and 170168?
8
What is the greatest common factor of 1342 and 1056?
22
What is the highest common factor of 1660 and 77771?
83
Calculate the highest common divisor of 239850 and 2250.
450
What is the greatest common divisor of 5312 and 128?
64
What is the highest common divisor of 1584 and 4086?
18
What is the highest common factor of 21441 and 1281?
21
Calculate the highest common factor of 22689 and 648.
9
What is the highest common factor of 73458 and 990?
198
Calculate the greatest common factor of 12079 and 235.
47
Calculate the highest common divisor of 8321 and 1060.
53
What is the greatest common divisor of 3 and 933720?
3
What is the highest common divisor of 4871216 and 112?
112
Calculate the highest common factor of 81710 and 420.
10
Calculate the highest common divisor of 126 and 8163.
9
What is the highest common divisor of 7104 and 47280?
48
What is the highest common factor of 2598505 and 1365?
455
Calculate the greatest common factor of 20 and 48820.
20
Calculate the highest common factor of 60513 and 5589.
69
What is the greatest common factor of 9671168 and 13?
13
Calculate the highest common divisor of 6941 and 281426.
631
Calculate the greatest common factor of 4364 and 12.
4
Calculate the greatest common factor of 15 and 7283895.
15
What is the greatest common divisor of 14 and 106512?
14
What is the highest common factor of 3900 and 18350?
50
What is the greatest common divisor of 173 and 216077?
173
Calculate the highest common factor of 36839 and 22.
11
What is the highest common divisor of 27468 and 2016?
252
What is the highest common factor of 4953 and 166878?
381
Calculate the greatest common factor of 81 and 6144.
3
What is the highest common divisor of 13067189 and 1171?
1171
Calculate the greatest common divisor of 81 and 21195.
27
What is the highest common divisor of 54 and 1087641?
27
What is the greatest common factor of 130 and 436930?
130
What is the highest common divisor of 15615 and 79463?
347
Calculate the greatest common factor of 4901 and 1859.
169
Calculate the greatest common divisor of 730 and 352882.
146
Calcula